- 6*c - 41. Calculate m(2).
-4
Let m(n) = -n + 1. Suppose 3*h + 1 - 16 = 0. Let l be (-7)/84*3 - (-26)/8. Suppose 2*j + l*u - 4 = -0*j, -h*j - 28 = -2*u. Give m(j).
5
Suppose -2*d + 1 = -3. Suppose -8 = -d*l, 0 = -c + 4*c + 2*l - 20. Let f(o) = 3*o**2 - c*o**2 + 6 - 2*o + 0*o**2. Determine f(-5).
-9
Let n(h) be the second derivative of 2*h**3/3 - 27*h**2/2 + 3*h + 31. Give n(7).
1
Let n be 5/10 + 0 + (-39)/6. Let k(x) = x**3 + 6*x**2 - x - 6. Calculate k(n).
0
Let t(a) be the first derivative of a**4/4 + 7*a**3/3 + 4*a**2 - 6*a - 2. Suppose 0 = -3*g + 5*k + 40 - 38, -6 = 3*g - 3*k. Give t(g).
-18
Suppose 0 = -4*i - 5 + 17. Let r be (-5)/5*1 + 1*3. Let u(y) = i*y - r*y + 2*y - 3. Give u(2).
3
Let h(f) be the first derivative of 1/4*f**4 - 2 + 2*f**2 - 4*f - 4/3*f**3. Give h(3).
-1
Let b(x) = -2*x**3 - 17*x**2 + 24*x + 9. Let h(r) = r**3 + 9*r**2 - 12*r - 4. Let o(v) = 3*b(v) + 7*h(v). Determine o(-13).
-14
Let i(d) = -d**3 + 9*d**2 - 4*d - 11. Let h = -116 + 124. Determine i(h).
21
Let i(f) = f**2 - 2*f - 3. Let v(x) = x**2 - 2*x - 3. Let g be 5*3/30*8. Let n(a) = g*i(a) - 5*v(a). Determine n(5).
-12
Let y(u) = 8*u - 149. Let r be y(19). Let n(f) = f**3 - f**2 - 5*f + 2. Determine n(r).
5
Let l(r) be the first derivative of r + 9 - 1/2*r**2 - 7/3*r**3. Calculate l(1).
-7
Let t be 9/2*(-50)/(-15) - 6. Let g(h) = h**2 - 8*h - 3. Calculate g(t).
6
Let i = 906 - 901. Let s(g) = g**3 - 5*g**2 - 3*g - 2. Give s(i).
-17
Let x be 2*(-1)/6*3. Let o(a) = 71 - 21*a - 70 + 9*a**2 + 23*a. Determine o(x).
8
Let r(j) be the first derivative of 4*j**3/3 + j**2/2 + 2459. Let u = -2 - -1. Determine r(u).
3
Let h(j) = 0*j + 5 + j - 2 - j**2. Let o(q) = 2*q + 1. Let v be 0 + 1 - (-20 + 20). Let w be o(v). Give h(w).
-3
Let n(z) = 3*z**3 + 8748 - 8743 - 4*z**3 - 11*z**2 - 10*z. Calculate n(-10).
5
Let v(d) = -10*d**3 - d. Let w be 15/9*27/15. Suppose l = -3*t - 2 - 0, -w*l + 10 = t. Suppose -2*u + 3*k = 8, l*k + 3 = 5*u + 16. Determine v(u).
11
Suppose 2*x = o - 3, x + 0 = o - 3. Let d(h) = -5 - o*h + 2*h + 0*h. Let m be 3 + 1*-4*6/3. Determine d(m).
0
Let i(s) = -3*s + 10. Let b(d) = 7*d - 23. Let y(f) = 2*b(f) + 5*i(f). Let u = 5 - -1. What is y(u)?
-2
Let i(m) be the third derivative of -m**5/60 - 5*m**4/8 - 55*m**3/6 + 641*m**2. What is i(-8)?
1
Let v = -207 - -210. Let c(i) = i**3 - 3*i**2 + 3*i + 3. What is c(v)?
12
Let a = 90 - 146. Let p = a + 53. Let i(k) = 4*k + 1. Calculate i(p).
-11
Let m be 2/(-3) - (-42)/9. Suppose v = 2 + m. Let d(c) be the first derivative of c**2/2 - 3*c - 6. Give d(v).
3
Let b(m) be the first derivative of m**2 + m - 48. What is b(-4)?
-7
Let v(r) = r**3 + 4*r**2 - 4. Let p = 32 + -38. Let s be (p/4)/((-3)/(-4)). Let y be (-1)/(1*s/(-6)). Give v(y).
5
Let h(o) = 13 - 20*o + 0*o + 17 - 29. What is h(-2)?
41
Suppose -4*b = 3*a - 2, 2*b = -a - a. Let m(g) = 5*g - 3*g**2 + 4 + 3*g**2 - g**b. Give m(5).
4
Let m(z) = -2*z - 3. Let i(f) = f. Suppose -d + 2*k = -6*d + 9, -4*k + 11 = 3*d. Let w(p) = d*m(p) + 3*i(p). Calculate w(6).
3
Let l(q) = 8*q - 1. Let w(j) = -73*j + 13. Let k(t) = -18*l(t) - 2*w(t). Determine k(6).
4
Let u(k) = -4*k + 31. Let s be u(7). Let q(b) = -2*b + 0*b**2 - 3 - 2*b**2 + b + 3*b**2. Calculate q(s).
3
Let y = 641 - 641. Let z(t) = -t**3 + t + 10. Give z(y).
10
Let s(g) = 10*g**3 - g**2 + g. Suppose 0 = -13*i + 5 + 8. Determine s(i).
10
Let v(f) = -8*f**2 + 19*f - 11. Let z(q) = 3*q**2 - 9*q + 6. Let g(x) = -2*v(x) - 5*z(x). Let h = -16 + 8. Determine g(h).
0
Let u(k) = -2*k + 4 - 4 - 4 + 0. Let o = 59 - 55. Determine u(o).
-12
Let z(o) = -o**3 + 10*o**2 - 15*o - 6. Let w be z(8). Let c(i) be the second derivative of -2/3*i**3 + 0 - 1/3*i**4 + 4*i - i**w - 1/20*i**5. Give c(-4).
14
Suppose 0 = 6*s - 0*s + 30. Let x(m) = -m. Let l(b) = 3*b. Let g(d) = s*x(d) - 2*l(d). What is g(0)?
0
Let k(y) = -y. Let t(v) = -2*v. Let b(u) = -4*k(u) + t(u). Let x(q) = 5*q. Let d(g) = 14*b(g) - 4*x(g). What is d(1)?
8
Let p(j) be the second derivative of j**4/12 + j**3/2 - 2*j**2 - 7*j. Suppose -6 = -3*w - 2*c, 5*c = 2*w - 7*w + 15. Suppose w = 5*g + 16 + 9. What is p(g)?
6
Let j(i) be the first derivative of 3/2*i**2 - i - 1 + 1/6*i**3. Let p(m) be the first derivative of j(m). Calculate p(-4).
-1
Let s(y) = -y**2 - 6*y - 1. Suppose -2*d - 6 - 50 = 0. Let j be (-16)/d - (2 - 78/(-14)). Give s(j).
-8
Let g(r) = r**3 - 6*r**2 + 7*r - 7. Let u be g(5). Let x(n) = 0*n - 14 + 7 + n + u. What is x(4)?
0
Let f(u) = -u**3 + u - 4. Let s = 407 + -407. Determine f(s).
-4
Let k(w) = -3*w**2 + 3*w - 5. Let h(o) = 5*o**2 - 4*o + 4. Let f(u) = 2*h(u) + 3*k(u). Calculate f(0).
-7
Let r(j) = j**2 + j. Let a(v) = -4*v**3 + v**2 - 1. Let k be 21/(-12) + 9/12. Let f(u) = k*r(u) + a(u). Determine f(-1).
4
Suppose 5*h - 26 = -2*j + 6, 5*h = 20. Let c(t) = 486*t + 9 - 477*t - j + 7 - t**2. Give c(8).
18
Let s(l) = l + 6. Let h(c) be the third derivative of c**5/60 - 5*c**4/12 - 5*c**3/6 + c**2. Let z be h(11). Calculate s(z).
12
Let w(b) = -b**3 - 8*b**2 + 2*b + 16. Let i be w(-8). Let s(v) = 4 - 3 - v + 2*v + i. Give s(2).
3
Let v(s) = -s**2 - 5 - 2*s + 3 + 1 - s - 2*s. Let q be 23/(-5) - 8/20. Calculate v(q).
-1
Let d = 3 + 13. Suppose 4 - d = -4*g. Let u(h) = 1 - h**3 - 4*h**2 - g - 1. Determine u(-4).
-3
Let w(s) = 7*s**3 - 2*s. Let n(u) = 31*u**3 - 7*u - 1. Let l(p) = -2*n(p) + 9*w(p). What is l(3)?
17
Suppose 22*b - 2*u = 17*b + 30, -5*u = 0. Let d(j) = j**2 - 3*j - 11. Give d(b).
7
Let d = 89 - 86. Suppose 5*p + 2*v + 21 = -4, -5*v + 46 = -d*p. Let m(s) = -s**3 - 7*s**2 + 2*s + 4. Calculate m(p).
-10
Let j(h) = -56 - 61 + h**2 + 12*h + 116. Give j(-4).
-33
Let u(o) = -29 + o + 112 - 36 - 40. Suppose -5*z - 3*w - 12 = -8*z, 0 = w. Suppose -z - 2 = s. Determine u(s).
1
Let s(h) = -11*h + 4. Let l(x) = -23*x + 9. Let d(b) = 6*l(b) - 13*s(b). Let c(v) = 11*v + 4. Let f(y) = 4*c(y) - 9*d(y). Determine f(-5).
3
Let a(j) = -j**2 - 3*j - 5. Let q(x) = -x**2 - 2*x + 1. Let c(k) = -k**3 - 2*k**2 - 14*k + 5. Let t(p) = -c(p) + 5*q(p). Let d be t(2). Calculate a(d).
-33
Let g(h) = -h**3 + h**2 + h + 1. Let u(m) = -5*m**3 + 11*m**2 + 4*m. Let r(p) = 4*g(p) - u(p). What is r(7)?
4
Let j(m) = -12*m - 12. Let y(k) = 22*k + 25. Let i(w) = 7*j(w) + 4*y(w). Give i(-4).
0
Let c(q) be the second derivative of q**5/20 - 3*q**4/4 + 5*q**3/6 + q**2/2 - q + 62. Calculate c(8).
-23
Let f(x) = 15 + 19*x + 32*x + 32*x - 28*x. Let c(y) = 8*y + 2. Let u(s) = -15*c(s) + 2*f(s). Calculate u(2).
-20
Let q = 25 + -14. Let n(u) = u - 7. Let p be n(q). Let y(v) = -v**2 + 4*v + 2. Give y(p).
2
Let r(y) = y**2 + 3 + 2 + 0*y + 5*y + 2*y - 2*y. Let p = 6 - 11. Calculate r(p).
5
Let s(f) = -f**3 + 4*f**2 - 4*f + 3. Let y = 12 + 8. Let p = 33 - y. Let m = 15 - p. Determine s(m).
3
Let b(z) = -z**3 - 9*z**3 + 9*z**3 - 4*z + 4*z**2 + 1. Suppose 5 = u + 2. Let i = 0 + u. What is b(i)?
-2
Let p(n) = 7*n + 5. Suppose 39*h - 70*h = 124. Calculate p(h).
-23
Suppose -5*c + r + 10 = 3*r, 4*c - 8 = -r. Let s(h) = -2*h - 1 + h**2 + 0*h + c*h. Let l be s(2). Let k(q) = -q**2 - 2. Determine k(l).
-11
Let v be (-6)/3*1/2. Let g(o) be the second derivative of -o**4/3 + o**2/2 - 17*o + 3. What is g(v)?
-3
Let q(b) = -b + 2. Let k be q(-3). Let x(u) = 54*u - 8 - 43*u - 10*u. What is x(k)?
-3
Let j(w) be the third derivative of w**6/120 + w**5/60 + w**3/3 + 122*w**2. What is j(0)?
2
Let m(v) = v**3 - 6*v**2 + 5*v + 1. Let x = 17 - 17. Suppose x = -4*b + 26 + 42. Let p be b/3 - (-10)/(-15). Calculate m(p).
1
Suppose -5*j + 5 = -5, b = 2*j - 9. Let z be -2 + b/(-2) + 39/(-6). Let w(x) = x**3 + 6*x**2 + x + 7. Calculate w(z).
1
Let v(m) = -m + 2 - 6 - 5. Suppose 5*l - 7 = 4*l. Determine v(l).
-16
Let m(w) be the first derivative of w**2/2 + 6*w - 74. What is m(-7)?
-1
Let b(y) = -y**3 - y**2 + 1. Let f(x) = -x**3 + 3*x**2 + 2*x + 3. Let q be f(3). Suppose -10*g - q*g = -24*g. What is b(g)?
1
Suppose 4*p - 5*c = 2*p + 75, -140 = -5*p + 3*c. Let w(k) = -7*k - 4 - 52*k**2 + 26*k**2 + p*k**2. Determine w(-6).
2
Let u(g) = -g**3 - 9*g**2 + 8*g + 18. Let i be u(-10). Suppose 43 = -5*t + i. Let h(y) = -2*y - 1. Give h(t).
1
Let z = -82 - -82. Let b be -5*(3 - z - 4). Let a(y) = -y + 10. Give a(b).
5
Let m(n) = -n - 2*n + 2*n**3 + 3*n**2 + n + 4. Suppose -6*l - 4*r - 30 = 0, -39*l + 5*r = -42*l - 24. Give m(l)